5
Let y(p) = -2*p - 7. Give y(-3).
-1
Let i(k) = 5*k + 1. Determine i(-1).
-4
Let l(q) = q**2 + 10*q + 10. Determine l(-10).
10
Let l(t) = t**2 - 6*t - 4. What is l(7)?
3
Let z(x) = -x + 98. Calculate z(-10).
108
Let k(b) = -3*b - 14. Determine k(-6).
4
Let t(s) = 19*s**2 - 134*s + 6. Give t(7).
-1
Let x(h) = -h**3 + 5*h**2 + 16*h - 13. Calculate x(7).
1
Let n(h) = -h**2 + 4*h + 12. Determine n(-4).
-20
Let d(q) = -q**3 - 9*q**2 + 4*q - 5. Give d(-10).
55
Let t(r) = 6*r + 171. Calculate t(-32).
-21
Let w(r) = -r + 5. What is w(-7)?
12
Let o(k) = 3*k**2 + 12*k - 2. Calculate o(-6).
34
Let u(n) = n**3 + 7*n**2 + n + 10. Determine u(-7).
3
Let n(o) = -9*o**3. Determine n(-2).
72
Let p(s) = -s**3 - 12*s**2 + 31*s - 2. Calculate p(-14).
-44
Let h(l) = l**3 + 3*l**2 + l - 2. Give h(0).
-2
Let a(f) = -f**3 - 11*f**2 + 2*f + 13. Give a(-11).
-9
Let o(t) = -3*t**2 - 41*t - 78. Calculate o(-11).
10
Let w(t) = 16*t + 5. Determine w(-3).
-43
Let u(o) = -34*o + 14. Determine u(4).
-122
Let l(p) = p**2 - 3. Give l(-6).
33
Let k(h) = h**3 + 3*h**2 - 16*h + 13. Determine k(-6).
1
Let z(t) = -t**2 - t + 17. What is z(-4)?
5
Let u(n) = -n**2 - 6*n + 43. What is u(4)?
3
Let b(d) = -d**2 - 6*d - 5. What is b(-8)?
-21
Let o(i) = i**3 - 11*i**2 + 6*i + 13. Determine o(9).
-95
Let w(b) = 3*b - 4. Calculate w(2).
2
Let l(v) = -v**2 + 7*v - 14. Calculate l(2).
-4
Let c(k) = -4*k**2 - 26*k - 34. Calculate c(-6).
-22
Let w(s) = -s**2 + 2*s + 41. Determine w(9).
-22
Let q(v) = 15*v - 500. What is q(33)?
-5
Let z(o) = 5*o + 25. Determine z(-5).
0
Let g(z) = -2*z**2 + 30*z + 99. Determine g(-3).
-9
Let z(l) = 2*l**2 + 8*l + 11. Give z(-4).
11
Let v(n) = -4*n**2 - 5*n - 1. Give v(1).
-10
Let v(k) = -k**3 + k**2 + 2*k + 2. Give v(-3).
32
Let y(x) = x - 19. Give y(13).
-6
Let c(f) = f**2 - 7*f + 7. Determine c(5).
-3
Let v(c) = -14*c**2 + 3*c + 4. Give v(-1).
-13
Let f(m) = -62*m + 304. Determine f(5).
-6
Let n(v) = -3*v - 34. Give n(-9).
-7
Let d(k) = -k + 3. What is d(5)?
-2
Let m(r) = 2*r**2 - 18*r - 36. Give m(11).
8
Let w(b) = 2*b + 9. Determine w(-4).
1
Let x(j) = j**2 - 2*j. What is x(-3)?
15
Let q(s) = 2*s**2 - 7*s - 3. Calculate q(6).
27
Let l(c) = -38*c**3 + 2*c - 1. What is l(1)?
-37
Let y(z) = 2*z**3 + 106*z**2 + 5*z + 264. Determine y(-53).
-1
Let k(m) = m + 1. Determine k(1).
2
Let x(y) = -6*y. Calculate x(1).
-6
Let g(b) = 2*b. Calculate g(2).
4
Let b(n) = 6*n - 40. Determine b(6).
-4
Let a(m) = -m**3 - 8*m**2 - 10. Give a(-8).
-10
Let l(r) = -19*r**3 + r**2 + 2*r + 1. Determine l(-1).
19
Let f(k) = -6*k - 42. Determine f(13).
-120
Let a(c) = -2*c - 14. Calculate a(-4).
-6
Let m(a) = -a**2 + 4*a + 19. Determine m(7).
-2
Let i(y) = y**3 + 4*y**2 - 2*y - 1. Determine i(-5).
-16
Let m(k) = 28*k - 1. Determine m(1).
27
Let f(m) = 2*m + 61. Determine f(-26).
9
Let d(z) = 2*z**2 - 15*z - 14. Determine d(-1).
3
Let v(h) = -h**3 + 38*h**2 + 41*h - 82. What is v(39)?
-4
Let w(s) = -s**3 - 50*s**2 + 49*s - 93. What is w(-51)?
9
Let g(h) = h**2 + h - 14. Determine g(5).
16
Let b(d) = 2*d**2 - 13*d + 4. Calculate b(5).
-11
Let h(l) = -10*l - 14. What is h(-2)?
6
Let v(h) = -86*h + 431. Calculate v(5).
1
Let m(o) = -o**2 - 4*o - 6. Give m(-3).
-3
Let u(v) = -v**3 + 7*v**2 + 8*v - 1. Give u(8).
-1
Let a(h) = -2*h**2 + 4*h + 18. What is a(5)?
-12
Let s(g) = -g**3 + 12*g**2 - 3*g + 12. Give s(12).
-24
Let v(k) = -k**3 - 17*k**2 - 22*k - 18. What is v(-16)?
78
Let b(z) = -z**2 - 12*z - 13. What is b(-9)?
14
Let d(o) = -2*o**2 + 10*o - 25. Determine d(9).
-97
Let d(k) = -2*k**2 - 65*k + 39. Give d(-33).
6
Let d(s) = s**2 - 8*s - 8. Give d(-7).
97
Let m(t) = t**3 - 29*t**2 + 28*t + 5. What is m(28)?
5
Let g(a) = a**2 - 11*a - 9. Give g(15).
51
Let h(i) = -i**2 + 7*i - 5. Give h(3).
7
Let f(g) = -g**2 - g. What is f(3)?
-12
Let j(y) = -y**2 - 12*y - 10. What is j(-11)?
1
Let g(q) = -15*q + 34. Determine g(3).
-11
Let r(g) = -g**3 + 7*g**2 - 7*g + 11. What is r(6)?
5
Let m(v) = 29*v - 49. Calculate m(5).
96
Let z(o) = o**2 - 19*o + 86. Determine z(10).
-4
Let t(f) = -15*f - 10. Determine t(5).
-85
Let z(r) = 7*r. Give z(4).
28
Let p(a) = a**3 - 7*a**2 - 5*a + 10. Determine p(7).
-25
Let o(m) = -m**3 + 8*m**2 - 2*m - 5. Determine o(8).
-21
Let c(o) = -2*o**3 - 42*o**2 + 44*o - 32. Determine c(-22).
-32
Let x(m) = -2*m**2 + 3. Calculate x(-2).
-5
Let s(g) = g**2 + g - 3. What is s(-5)?
17
Let i(k) = -k**2 - k + 73. Calculate i(0).
73
Let z(o) = -o**3 + 6*o - 4. Give z(5).
-99
Let x(h) = -h**3 - 8*h**2 + 10*h - 2. Determine x(-9).
-11
Let d(n) = -2*n**3 + 13*n**2 - 3*n - 14. Give d(6).
4
Let j(v) = -3*v**3 + 61*v**2 - 19*v - 5. What is j(20)?
15
Let y(c) = -16*c**2 + 4*c. What is y(3)?
-132
Let i(z) = -4*z + 133. Determine i(33).
1
Let m(k) = k**2 + 13*k + 38. What is m(-10)?
8
Let t(n) = -46*n + 635. Give t(14).
-9
Let z(x) = -2*x + 20. What is z(5)?
10
Let f(i) = -i**2 + 2*i - 9. Determine f(0).
-9
Let g(c) = -c**3 - 36*c**2 - 30*c + 116. What is g(-35)?
-59
Let h(i) = -i**3 + 7*i**2 + 6*i - 6. Calculate h(8).
-22
Let j(q) = -23*q + 450. Give j(20).
-10
Let o(y) = -y**2 + 18*y + 11. Give o(18).
11
Let c(y) = 7*y - 308. Determine c(42).
-14
Let u(g) = -g**3 - 8*g**2 - 14*g - 16. What is u(-6)?
-4
Let o(q) = q**3 - 12*q**2 - 5*q - 8. Determine o(12).
-68
Let b(n) = -7*n - 53. Determine b(-8).
3
Let m(k) = -2*k**2 - 7*k + 35. Calculate m(3).
-4
Let h(w) = -w**2 + 30*w - 170. Determine h(8).
6
Let x(p) = p - 5. Calculate x(-10).
-15
Let n(x) = -12*x - 5. Calculate n(0).
-5
Let c(y) = -y**2 + 12*y + 19. Determine c(12).
19
Let y(o) = o**2 + 2*o + 3. Determine y(-8).
51
Let g(f) = 13*f - 16. What is g(2)?
10
Let k(x) = -5*x - 64. Calculate k(-12).
-4
Let m(w) = -28*w - 82. Calculate m(-3).
2
Let q(h) = 10*h + 31. Determine q(-2).
11
Let h(z) = -2*z**2 + 9*z - 20. What is h(8)?
-76
Let v(q) = -2*q**3 - 7*q**2 - q - 4. Calculate v(-3).
-10
Let u(f) = f**2 + 5*f - 5. Calculate u(-5).
-5
Let v(a) = -a**3 + 5*a**2 + a + 1. Determine v(5).
6
Let y(j) = -11*j - 30. Give y(5).
-85
Let g(a) = 36*a + 2. Give g(0).
2
Let m(d) = -d + 1. What is m(-3)?
4
Let r(g) = g**3 - 14*g**2 - 14*g - 22. Calculate r(15).
-7
Let i(v) = -2*v**2 - 2*v - 3. What is i(-2)?
-7
Let f(g) = 3*g**2 - 31*g + 11. Give f(6).
-67
Let u(q) = -11*q + 29. Determine u(4).
-15
Let r(v) = -3*v**3 - 30*v**2 - 3*v - 21. Give r(-10).
9
Let t(y) = y**3 + 4*y**2 + y - 2. Calculate t(-3).
4
Let o(z) = 18*z + 115. Give o(-6).
7
Let q(r) = r**2 + r + 10. What is q(0)?
10
Let d(f) = -25*f + 23. Determine d(1).
-2
Let n(r) = -6*r - 13. Calculate n(-4).
11
Let z(h) = -h**3 + 47*h**2 + 4*h - 192. Calculate z(47).
-4
Let f(u) = 7*u + 150. Calculate f(-23).
-11
Let f(d) = -2*d**2 - 15*d + 56. Calculate f(-10).
6
Let s(g) = g**2 + 2*g - 2. What is s(1)?
1
Let i(w) = 17*w + 1. What is i(0)?
1
Let w(s) = 17*s + 91. Determine w(-8).
-45
Let g(j) = 2*j**3 - 5*j**2 + 2*j + 2. Determine g(3).
17
Let s(b) = -b**3 - b**2 - 4*b. Determine s(3).
-48
Let w(l) = -10*l + 4. Give w(1).
-6
Let w(k) = k**2 + 14*k + 48. Determine w(-4).
8
Let o(p) = -6*p - 4. What is o(5)?
-34
Let b(k) = 2*k**2 - 42*k. What is b(21)?
0
Let b(l) = 3*l**2 - 20*l + 34. What is b(8)?
66
Let p(i) = -3*i**3 + 4*i**2 + i - 1. What is p(-2)?
37
Let a(k) = -k**2 + 2*k + 7. Calculate a(3).
4
Let q(r) = r**2 + 5*r + 6. Determine q(-2).
0
Let i(g) = -g**3 + 8*g**2 - 13*g + 14. Calculate i(7).
-28
Let p(q) = -2*q**3 + 11*q**2 - 6*q + 13. Calculate p(5).
8
Let h(f) = f**3 - 10*f**2 + 9*f - 7. Calculate h(9).
-7
Let z(g) = -g + 24. Give z(30).
-6
Let y(i) = -i**2 + 29*i + 27. Give y(30).
-3
Let l(n) = -n**2 - 29*n - 55. Calculate l(-22).
99
Let f(z) = 6*z + 161. Determine f(-26).
5
Let t(n) = -3*n**2 + n + 1. What is t(2)?
-9
Let v(a) = -8*a + 15. What is v(4)?
-17
Let v(l) = -l**3 - 2*l**2 + 4*l + 12. Determine v(-2).
4
Let v(l) = l**2 - 7*l + 6. Determine v(5).
-4
Let w(h) = -h**2 + h + 4. Calculate w(-2).
-2
Let d(z) = -19*z - 40. What is d(-2)?
-2
Let z(j) = j**3 - 48*j**2 + 45*j + 101. Give z(47).
7
Let i(r) = -3*r + 2. Calculate i(4).
-10
Let i(t) = 21*t - 3. What is i(3)?
60
Let f(b) = b**2 + 9*b + 7. Calculate f(-9).
7
Let b(c) = 5*c + 13. What is b(2)?
23
Let k(u) = -u**3 + 6*u**2 + 21*u - 19. Calculate k(8).
21
Let j(m) = -m**3 + 3*m**2 + 8*m - 17. Calculate j(4).
-1
Let h(r) = -r